o = -5*m + 96, -4*o - 48 = -4*m. Calculate the highest common divisor of m and 144.
16
Suppose 2*p - 128 = -2*k, 24 = 3*k - p - 164. Calculate the highest common divisor of k and 7.
7
Let r = -53 + 33. Let v be (r/(-8))/((-2)/(-4)). Calculate the greatest common factor of 25 and v.
5
Let b(h) = -h**2 + 7*h - 2. Let l be b(4). Let u = l + 2. Calculate the greatest common factor of 12 and u.
12
Let a = -43 + 60. Let o = -7 + a. Calculate the greatest common divisor of 4 and o.
2
Let u(b) = -b - b**3 + 2*b + 2*b + 9 + 2*b - 5*b**2. Let x be u(-6). Let p = -5 + 50. Calculate the greatest common divisor of p and x.
15
Suppose 0 = -4*d + 12, 2*d = -3*z + 4*d - 30. Let p be z/(-3) + 6/(-9). Suppose i = 6 - 4. Calculate the greatest common factor of i and p.
2
Let m(t) = -176*t - 1. Suppose j + 4 = -3*s, 0 = 4*s + s - 5*j. Let u be m(s). What is the greatest common divisor of u and 25?
25
Let w = -1 + 4. Suppose 7*s = w*s + 72. Suppose -2*u = -7 + 3. What is the highest common factor of u and s?
2
Let u(k) = 2*k**3 - k**2 - 2*k + 2. Let t be u(1). What is the highest common factor of t and 4?
1
Suppose -3*d = 5*j - 76, 28 = j - 5*d - 4. Suppose -x - 66 = -266. Suppose 5*f - x = -5*m, 51 = 2*f - m - j. What is the greatest common factor of f and 4?
4
Suppose -5*n - 26 = -3*n. Let h = n + 51. What is the greatest common divisor of 19 and h?
19
Let s be 2/2 + 21/3. Calculate the greatest common factor of 88 and s.
8
Let w(p) be the third derivative of -p**4/24 - p**3/6 - p**2. Let r be w(5). Let d be (0 - 2)*(r - -2). What is the highest common factor of d and 24?
8
Let t = 54 - 32. Calculate the highest common divisor of 22 and t.
22
Let s be (-98)/(-8) - 2/8. Let y be (-1 - (-3 + -3))*1. Let c = y + -2. What is the highest common divisor of c and s?
3
Suppose s = -n + 13, -6*n + 76 = -2*n - 2*s. Let y be 153/(-12)*(-40)/15. What is the highest common factor of n and y?
17
Let o = -9 - -21. Calculate the greatest common divisor of o and 12.
12
Let x = 682 - 394. Suppose 3*s - x = -s. What is the greatest common factor of s and 18?
18
Let d = -91 + 95. Calculate the highest common divisor of 28 and d.
4
Let z(s) = 2*s - 2. Let m be z(5). Calculate the greatest common divisor of m and 8.
8
Suppose 4*w - 7 = 33. Let b be (w/3)/((-8)/(-12)). Suppose -b*o = 3*s + 2*s - 460, -4*o = -s + 112. Calculate the highest common factor of 12 and s.
12
Suppose -42 + 102 = 5*y. Calculate the greatest common factor of 24 and y.
12
Let i = -79 + 89. Suppose 0 = 2*f - 3*r - 54, -23 - 69 = -3*f - r. What is the greatest common divisor of f and i?
10
Let k be (-3 + 2)*2 + 196/2. Calculate the highest common divisor of 12 and k.
12
Let g = 50 + -120. Let h be g*((-46)/10 - -1). Calculate the highest common factor of 28 and h.
28
Suppose -3 = -5*u + 2*l, 5*u - 5*l - 15 = -0*u. Let w be (-1)/(-3)*u*-9. Calculate the greatest common divisor of 2 and w.
1
Suppose -4 = 4*q - 0. Let n = 5 - q. What is the greatest common factor of n and 3?
3
Suppose -361 + 55 = -3*w. Let u = w - 38. What is the highest common divisor of u and 8?
8
Let g be ((-5)/(-2) - 3)*0. Let o = 10 + g. Calculate the highest common divisor of o and 25.
5
Let g = 28 + -8. What is the highest common divisor of g and 20?
20
Suppose -44 = -w - 9. What is the greatest common divisor of 280 and w?
35
Let b(l) = -l**3 + 8*l**2 + l - 42. Let v be b(7). Suppose 622 = 5*o - 4*w, -2*w - 341 = -5*o + 285. Calculate the highest common factor of o and v.
14
Let h be (-48)/8*5/(-2). What is the highest common factor of h and 105?
15
Suppose -2*q + 182 = 74. Calculate the greatest common divisor of 135 and q.
27
Let r = -58 + 69. Calculate the greatest common factor of 55 and r.
11
Let f be 12 - (-1 - 1 - 2). What is the highest common factor of 16 and f?
16
Let v be (-4)/(-12) - (-166)/6. Let w be -159*(5/(-3) - -1). Let d = w - 64. What is the greatest common factor of v and d?
14
Let n(y) = -y**3 + 9*y**2 - 6*y. Let a be n(3). What is the greatest common factor of a and 396?
36
Suppose -5*d - 3 = -m - 0, m + 7 = -5*d. Let c be 86 - ((m - 1) + 5). Calculate the greatest common divisor of 21 and c.
21
Suppose 0 = -5*b + 751 - 211. What is the highest common factor of 12 and b?
12
Let z = 3 - 3. Let l be z + (-1)/(1/(-20)). Suppose 0 = 2*n - 4*s + 2*s - l, 3*n - 38 = -5*s. What is the highest common divisor of 1 and n?
1
Let t = 31 - 20. Let r(m) = 2*m**2 + 5*m - 3. Let h be r(-4). Suppose g - h = t. Calculate the greatest common divisor of g and 5.
5
Let z(j) = j**2 + 74*j**3 + 0 - 1 - 3*j**3 + 3*j - 4*j. Let u be z(1). Calculate the greatest common factor of u and 28.
14
Suppose 6*l = 8*l + 4*b - 18, l - 3*b = 4. Calculate the greatest common factor of 7 and l.
7
Let y(w) = -2*w**3 - 7*w**2 + 7*w + 5. Let s be y(-6). What is the highest common factor of s and 11?
11
Suppose 0 = 3*c - 54 + 18. Suppose -5*d + 168 = -182. Let k = d + -34. Calculate the highest common factor of k and c.
12
Let f = 12 + 1. Let r = f + -12. What is the greatest common factor of r and 2?
1
Let l(n) = 3*n**2 + 2*n - 8. Let d be l(-7). Suppose 0 = 4*c - d - 19. Let v be 3/(-12) + (-194)/(-8). What is the greatest common divisor of v and c?
12
Suppose -88 + 268 = 3*n. Calculate the highest common divisor of 24 and n.
12
Suppose 208 = 5*i - 97. Suppose 2*g - i = 107. Suppose 2*c - g = -3*w, -4*c + 8*c = -3*w + 78. Calculate the highest common divisor of w and 6.
6
Let s be 3/2*8/3. Suppose -w - w = -s. Suppose 3*h - 244 = -5*u, w*u - 256 = -4*h + h. What is the greatest common divisor of 8 and h?
8
Let u = 7 - 6. Suppose -3*j + 2 = -u. Let s = 10 + -6. What is the highest common factor of j and s?
1
Suppose 3*i + 10 - 16 = 0. Let u = 5 - -6. Suppose i*a - u = a. Calculate the highest common factor of a and 88.
11
Suppose 5*k = -6*x + x, 4*k + x - 3 = 0. Calculate the highest common factor of k and 1.
1
Suppose 160 = -0*z + 4*z. What is the greatest common divisor of z and 8?
8
Suppose -g + 3 + 1 = 0. Suppose 0 = -g*q - q - 3*s + 794, -q + 4*s + 168 = 0. Calculate the greatest common factor of 20 and q.
20
Let i be -1 + 0 + 144 + 1. Suppose 4*f + 0*f + 182 = 2*c, -5*c = -2*f - 103. Let w = -26 - f. What is the highest common factor of i and w?
18
Let v(g) = -g + 7. Let x be v(-6). Suppose -3*f + 192 = -0*f. Suppose -f = -5*h + 66. What is the highest common divisor of x and h?
13
Let q be 12*(2 - (-3)/6). Suppose 4*p - 20 = 0, -2*p - 2*p = 4*b - 32. Suppose 20 = b*o - 10. What is the greatest common divisor of o and q?
10
Let u(f) = 6*f**2 - 2*f + 1. Let x be u(1). Suppose -x*m = 4*k - 93 - 2, 2*k = 3*m - 35. Calculate the greatest common divisor of 5 and m.
5
Suppose -5*j + 72 = 17. Suppose -4*z + 225 = 5*o, 0 = -z - o + 60 - 4. What is the greatest common divisor of z and j?
11
Let m(l) = l**2 - 3*l - 13. Let w be m(6). Suppose 0*i = -h - 2*i + 28, -2*h = w*i - 61. What is the greatest common factor of 27 and h?
9
Let d = -60 - -61. Calculate the highest common divisor of 4 and d.
1
Let j = -8 - -11. Let u = -4 + 2. Let y be (1/u)/(j/(-12)). What is the greatest common divisor of y and 2?
2
Suppose 0*u = 3*u + 63. Let h = -11 - u. What is the greatest common divisor of h and 15?
5
Let y be ((-15)/(-6) - 3)/(2/(-84)). Calculate the highest common factor of 28 and y.
7
Suppose -58 = -3*a - 2*z, 5*a - 3*a - 5*z = 26. Calculate the highest common divisor of 45 and a.
9
Suppose 45 = 2*w + 19. Let k(r) = r + 2. Let y be k(-5). Let s = y + 16. What is the highest common divisor of w and s?
13
Suppose -k = k. Suppose k*u - u + 196 = 0. What is the highest common divisor of u and 28?
28
Let p be (225/(-36))/(2/(-8)). What is the highest common factor of 25 and p?
25
Let b(n) = 880*n + 2. Let v be b(4). Let p be (-4)/18 + v/54. Let d = 130 - p. Calculate the greatest common factor of d and 26.
13
Suppose -4*n - 4*m + 12 = 0, 5*n + 2 = 2*m + 3. Suppose x - 3*x = -2*h + 10, -2*x = 3*h + 25. Let l = -6 - x. Calculate the highest common factor of l and n.
1
Let c(b) = 25*b + 18. Let t be c(6). What is the greatest common divisor of 7 and t?
7
Let i = -17 + 1. Let n = -1 - i. Calculate the greatest common divisor of n and 45.
15
Let a(k) = 13*k**2 + 2*k + 1. Let l be a(-1). Let j = l + -11. What is the highest common factor of 5 and j?
1
Suppose -3*h = 2*h. Sup